umber?
False
Is (-4)/(1 + (-68691)/68677) prime?
False
Let m be (-4 + 7/2)*(23 + -1). Let i(r) = 3*r**2 + 2*r + 32. Is i(m) prime?
True
Suppose 4*f + 13 = 81. Let z = f + 206. Is z composite?
False
Suppose 4*d = 8*d - 12. Let g(r) = 2*r - 5*r - 2 + r + d*r. Is g(11) composite?
True
Let s = -231 + 1850. Is s prime?
True
Suppose -3 = -2*f + 3. Let p = f - -1. Let j(r) = -r**3 + 5*r**2 + 6*r - 6. Is j(p) prime?
False
Let g = 2064 - -21445. Is g a composite number?
False
Let t(k) = 5*k - 3*k - 3*k - 7 + 0. Let o be t(8). Is (278/6)/((-5)/o) prime?
True
Is (238236/(-36) + 0)*-3 prime?
True
Suppose 2*z + 3 = 3*z. Is -106*(-1 + z + -3) a composite number?
True
Let n(u) = u**3 - 19*u**2 - 19*u - 17. Let b be n(20). Is b/(-2) + ((-3372)/(-8) - 1) a prime number?
True
Suppose -3*m - 4*t = -3*t, m = t. Suppose -2*f - 10 = m, -x + 3*f + 327 = -43. Is x a prime number?
False
Suppose 2*k = 5*r + 92, k + 3*r + 170 = 5*k. Suppose f - 6*f = -4*q - k, q = -4. Suppose f*c - 279 = 56. Is c prime?
True
Let k(p) = -p**2 - 26*p - 14. Let d be k(-20). Suppose -4*x + 270 = -d. Is x a prime number?
False
Suppose 0 = -19*s + 16*s + 1740. Let m = -369 + s. Is m a prime number?
True
Let a be ((-12)/9)/((-4)/6). Suppose a*d = 105 + 185. Is d prime?
False
Let c = 19774 - 1941. Is c a composite number?
True
Let o(n) = -n**2 + 9*n - 11. Let a be o(8). Let h = 53 - a. Let v = h - -11. Is v prime?
True
Let n be (-7 + -7)/(1/2). Let v be (-63)/n*(-16)/6. Is (3 - -162) + (-2 - v) composite?
True
Let x be 28/154 - (-106)/22. Suppose x + 1 = 2*o. Suppose 3*c + 960 = o*a, -c - 957 = -3*a + c. Is a a prime number?
True
Let v be -3*(2 + -2 + 3). Let i be (-6)/v*(2 + 1). Suppose -844 = -2*k - i*k. Is k composite?
False
Suppose 0 = 2*n - 4*g + 16, 0*n + 5*g - 23 = 3*n. Let t(a) = -13*a + 19 - 16 + 4. Is t(n) a prime number?
False
Suppose -s - 6189 + 63016 = 5*x, s = 4*x - 45467. Is x prime?
False
Let f(t) = -22374*t + 119. Is f(-2) a prime number?
True
Is 586 - -2 - (-9 + 18) a composite number?
True
Let s be (2/(-4))/((-4)/(-16)). Is (4 - 5)*-1*(s - -4329) composite?
False
Suppose 8*o - 174 - 66 = 0. Is (2406/4)/(o/20) a composite number?
False
Let j(t) = -t**3 + 8*t**2 - 11*t + 19. Let g be j(7). Let i(d) = d**3 + 11*d**2 + 9*d + 4. Is i(g) composite?
True
Let v(m) = -2*m**2 + 32*m + 56. Is v(17) a composite number?
True
Suppose 7 = 3*w + 3*p - 5, 3*w + 4*p = 15. Is 3 + 0 + (w - -6 - -52) composite?
True
Let a = 10 + -8. Suppose -44 = -4*f + 2*b - 5*b, a*b - 8 = 0. Let o(r) = 5*r**2 - 18*r - 7. Is o(f) a composite number?
True
Let m be 32/(-12)*(-1 - 3/6). Is 10/m*390/75 composite?
False
Let r(g) be the second derivative of 31*g**5/120 + 5*g**4/24 - g**3/2 + 7*g. Let a(n) be the second derivative of r(n). Is a(6) a prime number?
True
Suppose 3*b = -2*b + 760. Suppose -268 = -2*z + b. Suppose -z = -2*r + 4*i, -r + 4*i - 61 = -174. Is r a composite number?
False
Let u be 2/(-4) - 66/(-12). Suppose 4*s - 9342 = -0*l - u*l, s - 2325 = 4*l. Is s composite?
False
Suppose -116185 = -22*r + 3*r. Is r prime?
False
Let x(i) = i**2 - 12*i + 24. Let h be x(10). Let q = -101 - -192. Suppose -2910 = -5*k + 5*o, k - h*o + q = 658. Is k a prime number?
True
Let j(b) = -b**3 + 8*b**2 - 6*b - 2. Let u be j(7). Suppose u*w = -w + 42. Is w a prime number?
True
Let q(f) = 2381*f**2 - 13*f - 5. Is q(4) composite?
False
Is (-5)/(-4) - (-1724943)/132 a prime number?
False
Let v be 2/((-9)/(3375/10)). Let x = 113 + v. Is x prime?
False
Let v = -1499 + 7948. Is v composite?
False
Suppose n + 3*g - 16855 = 3946, 4*g + 41562 = 2*n. Is n prime?
True
Let r(t) = -t**2 + t + 1. Let a(i) = 8*i**2 - 5*i - 21. Let g(x) = a(x) - r(x). Is g(7) prime?
False
Let d(t) = -t**3 - 5*t**2 - 3*t - 6. Let p be d(-5). Suppose 0 = 2*f + f - p. Suppose 2*w = 5*a + 396, 607 = -0*w + f*w - a. Is w a prime number?
False
Let h(o) = -6*o**2 - 3. Let b be h(2). Let y be 4/(-8) - b/6. Suppose -5*u + y*u = -w - 221, 0 = -w - 4. Is u prime?
False
Is 2*2*-1 + (38432 - 17) composite?
True
Suppose -3*v + 2*s + 17984 = -3*s, -v + 5996 = -3*s. Is v prime?
False
Suppose -4*t = -5*l + 6, -3*l - 4*t - 4 = -14. Suppose -l*i + 6 = 0, -3*b - i = i - 705. Is b composite?
False
Let h(b) = -b**3 + 5*b**2 - 3*b - 5. Let o be h(5). Let p = o + 20. Suppose -9*y + p*y + 2655 = 0. Is y composite?
True
Suppose -5*a - 3*c = 102, c - 6 = 2*a + 26. Let b(x) = -111*x - 19. Is b(a) prime?
True
Let j = 11 + -14. Let b = -7 - j. Is (-2)/b*(-4 + 518) prime?
True
Let h be (-4284)/(-154) + (-4)/(-22). Is (2654/8 - 1) + 7/h a composite number?
False
Let i(q) = -q - 20 - 5*q + 2*q. Let k be i(-7). Is (4/k)/(1/2162) composite?
True
Let w(h) = 99*h + 1. Suppose -q + 2*a + 14 = 0, 0*q = -4*q + a + 21. Is w(q) a composite number?
False
Suppose -3*w + 5*k + 207184 = 0, 345270 = 5*w + 2*k - 3*k. Is w a composite number?
True
Suppose 0*n + u + 5 = 3*n, 0 = 2*n + 3*u - 7. Let y(f) = 213*f - 1. Let o be y(n). Suppose g = 6*g - o. Is g a prime number?
False
Let f = -60 - -2. Let i be (9/6)/(1/f). Let k = i - -140. Is k prime?
True
Let c be (-4)/(-3 - 471/(-159)). Let i(a) = -2*a - 4 + 3*a - c*a - 1. Is i(-2) a composite number?
True
Let p(g) = g - 89 - 2*g**2 + 4*g**2 + 66. Is p(6) a prime number?
False
Let z be (14/(-4) + 1)*-2. Suppose z - 2 = d. Suppose -5*j - 5*h = -2115, -j - d*h = -h - 427. Is j a prime number?
True
Let j = 307 - -254. Suppose 3*y - j = -4*c, -46 = 5*y + 2*c - 981. Is y a composite number?
True
Is 8975/(-15)*(-12)/4 prime?
False
Is (-64365)/(-2) - (-22)/44 composite?
False
Let d = 145 - -175. Is 2/(-3 + 5) - d/(-2) a prime number?
False
Let r be -2613 + (1 - 2)*1. Is r/(-14) + (-4)/(-84)*6 a prime number?
False
Let t = -9761 - -20152. Is t a prime number?
True
Suppose 0 = -5*w + 5, -4*i - 5*w - 414 = -5*i. Is i prime?
True
Let b(l) be the second derivative of -95*l**3/2 - l**2 - 14*l. Is b(-3) prime?
True
Suppose 2*w - 11*w = -30591. Let k = w - 2182. Is k a prime number?
True
Suppose -3*d + s + 8101 = 0, -d = -3*d - 5*s + 5412. Suppose 0*p - 4*p + 3*k = -d, -3*p + 3*k = -2028. Is p composite?
False
Let k(n) be the second derivative of n**4/12 - n**3/6 - 39*n**2 + 5*n. Let j be k(0). Is (-16470)/j + 4/(-26) composite?
False
Let u = -678 + 976. Let l = -146 + u. Suppose -2*s = -l - 102. Is s prime?
True
Let w(q) = 153*q**2 + 8*q + 1. Let x = -108 + 110. Is w(x) a prime number?
False
Is 32304/32*(22/6 - 3) a prime number?
True
Suppose 222492 + 537029 = 7*v. Is v composite?
False
Let b(j) = j**3 - 4*j**2 - 4*j - 1. Let a be b(5). Let m be 0*a/12 + 573. Suppose -z + 200 = 4*n + 9, -3*z + 2*n + m = 0. Is z a composite number?
False
Suppose 0 = 4*m - 5144 + 1684. Suppose 14*r = 15*r - m. Is r a prime number?
False
Suppose 0 - 10 = 2*o. Let v(u) = 17*u**2 - 6*u - 6. Is v(o) a prime number?
True
Let k(u) = 3*u**2 + 7*u + 8. Let i(o) = 10*o**2 - o - 1. Let w be i(-1). Let d = w - 4. Is k(d) a composite number?
True
Suppose -f = 4*h - 12139, 3*h - f = -0*f + 9106. Is h a prime number?
False
Let m(q) = -8*q**3 + 5*q**2 + 7*q + 7. Is m(-7) a prime number?
False
Let g(a) = 3*a**3 + 4*a**2 - 6*a + 24. Is g(7) composite?
True
Let z(n) = n**3 + 4*n**2 - 4*n + 4. Let x = -8 + 4. Let d be z(x). Let q = d + -5. Is q a composite number?
True
Let y be 2/1*(-7)/2. Let d = -9 - y. Is ((-3)/(-12))/(d/(-248)) prime?
True
Let h(z) = -2896*z + 91. Is h(-8) a prime number?
False
Let c(r) = 3*r - 3. Let u be c(-3). Let f be ((-9)/(-6))/(u/(-40)). Suppose -f*z = -81 + 16. Is z prime?
True
Is (-122 + 137)*(-21874)/(-6) composite?
True
Let h(u) = 77*u**2 - 2*u - 8. Is h(-9) a prime number?
True
Suppose 4*l + f + 11 + 1 = 0, -l + 2*f - 12 = 0. Let o(c) = c**3 + 4*c**2 + 3. Let z be o(l). Suppose -261 = -a - 2*n, -z*n + n = -10. Is a a composite number?
False
Suppose 267413 - 1082537 = -12*l. Is l a composite number?
False
Let u(d) = d**3 + d**2 - d + 1. Let m(q) = -16*q**3 - 5*q**2 + 7*q - 11. Let p(o) = -m(o) + 2*u(o). Is p(5) prime?
True
Suppose 5*u - 4*p + 5974 = 781, 12 = -4*p. Let b = -739 - u. Is b - 3/6*-2 prime?
False
Suppose -4*u - 108 = -5*f - 1038, -u = 5*f + 905. Let d = -21 - f. Is d a composite number?
True
Let l(n) = n - 7. Let v be l(7). Suppose -b - 5*a + 127 = v, 0 = -b - 2*a - 2*a + 127. Is b a composite number?
False
Suppose 5*b = -0*b + 20. Suppose -b*k + 18 = 2. Sup